[INFO] cloning repository https://github.com/tisonkun/tijkv
[INFO] running `Command { std: "git" "-c" "credential.helper=" "-c" "credential.helper=/workspace/cargo-home/bin/git-credential-null" "clone" "--bare" "https://github.com/tisonkun/tijkv" "/workspace/cache/git-repos/https%3A%2F%2Fgithub.com%2Ftisonkun%2Ftijkv", kill_on_drop: false }`
[INFO] [stderr] Cloning into bare repository '/workspace/cache/git-repos/https%3A%2F%2Fgithub.com%2Ftisonkun%2Ftijkv'...
[INFO] running `Command { std: "git" "rev-parse" "HEAD", kill_on_drop: false }`
[INFO] [stdout] de5510b8a1f4a32e983f1b1001f1802de847fb86
[INFO] building tisonkun/tijkv against master#ff34b919075f35a1787659e9c448a34b06bab8de for issue-85264
[INFO] running `Command { std: "git" "clone" "/workspace/cache/git-repos/https%3A%2F%2Fgithub.com%2Ftisonkun%2Ftijkv" "/workspace/builds/worker-7/source", kill_on_drop: false }`
[INFO] [stderr] Cloning into '/workspace/builds/worker-7/source'...
[INFO] [stderr] done.
[INFO] validating manifest of git repo https://github.com/tisonkun/tijkv on toolchain ff34b919075f35a1787659e9c448a34b06bab8de
[INFO] running `Command { std: "/workspace/cargo-home/bin/cargo" "+ff34b919075f35a1787659e9c448a34b06bab8de" "metadata" "--manifest-path" "Cargo.toml" "--no-deps", kill_on_drop: false }`
[INFO] started tweaking git repo https://github.com/tisonkun/tijkv
[INFO] finished tweaking git repo https://github.com/tisonkun/tijkv
[INFO] tweaked toml for git repo https://github.com/tisonkun/tijkv written to /workspace/builds/worker-7/source/Cargo.toml
[INFO] crate git repo https://github.com/tisonkun/tijkv already has a lockfile, it will not be regenerated
[INFO] running `Command { std: "/workspace/cargo-home/bin/cargo" "+ff34b919075f35a1787659e9c448a34b06bab8de" "fetch" "--manifest-path" "Cargo.toml", kill_on_drop: false }`
[INFO] [stderr]     Blocking waiting for file lock on package cache
[INFO] running `Command { std: "docker" "create" "-v" "/var/lib/crater-agent-workspace/builds/worker-7/target:/opt/rustwide/target:rw,Z" "-v" "/var/lib/crater-agent-workspace/builds/worker-7/source:/opt/rustwide/workdir:ro,Z" "-v" "/var/lib/crater-agent-workspace/cargo-home:/opt/rustwide/cargo-home:ro,Z" "-v" "/var/lib/crater-agent-workspace/rustup-home:/opt/rustwide/rustup-home:ro,Z" "-e" "SOURCE_DIR=/opt/rustwide/workdir" "-e" "CARGO_TARGET_DIR=/opt/rustwide/target" "-e" "CARGO_HOME=/opt/rustwide/cargo-home" "-e" "RUSTUP_HOME=/opt/rustwide/rustup-home" "-w" "/opt/rustwide/workdir" "-m" "1610612736" "--user" "0:0" "--network" "none" "ghcr.io/rust-lang/crates-build-env/linux@sha256:20528e8c29e4536546f0102ce88568b16ea7538393a33fcca951030f7af10457" "/opt/rustwide/cargo-home/bin/cargo" "+ff34b919075f35a1787659e9c448a34b06bab8de" "metadata" "--no-deps" "--format-version=1", kill_on_drop: false }`
[INFO] [stderr] WARNING: Your kernel does not support swap limit capabilities or the cgroup is not mounted. Memory limited without swap.
[INFO] [stdout] cf4c5549db676e1e71b5b3756d8f080c7eaa9d08c2b3bedc59ea3ee25c939a64
[INFO] running `Command { std: "docker" "start" "-a" "cf4c5549db676e1e71b5b3756d8f080c7eaa9d08c2b3bedc59ea3ee25c939a64", kill_on_drop: false }`
[INFO] running `Command { std: "docker" "inspect" "cf4c5549db676e1e71b5b3756d8f080c7eaa9d08c2b3bedc59ea3ee25c939a64", kill_on_drop: false }`
[INFO] running `Command { std: "docker" "rm" "-f" "cf4c5549db676e1e71b5b3756d8f080c7eaa9d08c2b3bedc59ea3ee25c939a64", kill_on_drop: false }`
[INFO] [stdout] cf4c5549db676e1e71b5b3756d8f080c7eaa9d08c2b3bedc59ea3ee25c939a64
[INFO] running `Command { std: "docker" "create" "-v" "/var/lib/crater-agent-workspace/builds/worker-7/target:/opt/rustwide/target:rw,Z" "-v" "/var/lib/crater-agent-workspace/builds/worker-7/source:/opt/rustwide/workdir:ro,Z" "-v" "/var/lib/crater-agent-workspace/cargo-home:/opt/rustwide/cargo-home:ro,Z" "-v" "/var/lib/crater-agent-workspace/rustup-home:/opt/rustwide/rustup-home:ro,Z" "-e" "SOURCE_DIR=/opt/rustwide/workdir" "-e" "CARGO_TARGET_DIR=/opt/rustwide/target" "-e" "CARGO_INCREMENTAL=0" "-e" "RUST_BACKTRACE=full" "-e" "RUSTFLAGS=--cap-lints=forbid" "-e" "CARGO_HOME=/opt/rustwide/cargo-home" "-e" "RUSTUP_HOME=/opt/rustwide/rustup-home" "-w" "/opt/rustwide/workdir" "-m" "1610612736" "--user" "0:0" "--network" "none" "ghcr.io/rust-lang/crates-build-env/linux@sha256:20528e8c29e4536546f0102ce88568b16ea7538393a33fcca951030f7af10457" "/opt/rustwide/cargo-home/bin/cargo" "+ff34b919075f35a1787659e9c448a34b06bab8de" "build" "--frozen" "--message-format=json", kill_on_drop: false }`
[INFO] [stdout] fe20ecd5d715b61f62eed9057268c99396f7be738be09718fbdc0bb3aaf37ac2
[INFO] [stderr] WARNING: Your kernel does not support swap limit capabilities or the cgroup is not mounted. Memory limited without swap.
[INFO] running `Command { std: "docker" "start" "-a" "fe20ecd5d715b61f62eed9057268c99396f7be738be09718fbdc0bb3aaf37ac2", kill_on_drop: false }`
[INFO] [stderr]    Compiling memchr v2.3.4
[INFO] [stderr]    Compiling log v0.4.14
[INFO] [stderr]    Compiling proc-macro-hack v0.5.19
[INFO] [stderr]    Compiling anyhow v1.0.40
[INFO] [stderr]    Compiling scopeguard v1.1.0
[INFO] [stderr]    Compiling slab v0.4.2
[INFO] [stderr]    Compiling pin-utils v0.1.0
[INFO] [stderr]    Compiling regex-syntax v0.6.23
[INFO] [stderr]    Compiling fixedbitset v0.2.0
[INFO] [stderr]    Compiling bindgen v0.57.0
[INFO] [stderr]    Compiling shlex v0.1.1
[INFO] [stderr]    Compiling lazycell v1.3.0
[INFO] [stderr]    Compiling rustc-hash v1.1.0
[INFO] [stderr]    Compiling peeking_take_while v0.1.2
[INFO] [stderr]    Compiling protobuf v2.22.1
[INFO] [stderr]    Compiling matches v0.1.8
[INFO] [stderr]    Compiling fnv v1.0.7
[INFO] [stderr]    Compiling foreign-types-shared v0.1.1
[INFO] [stderr]    Compiling ryu v1.0.5
[INFO] [stderr]    Compiling crc32fast v1.2.1
[INFO] [stderr]    Compiling openssl-probe v0.1.2
[INFO] [stderr]    Compiling percent-encoding v2.1.0
[INFO] [stderr]    Compiling prometheus v0.12.0
[INFO] [stderr]    Compiling mime v0.3.16
[INFO] [stderr]    Compiling hex v0.4.3
[INFO] [stderr]    Compiling futures-timer v3.0.2
[INFO] [stderr]    Compiling jni-sys v0.3.0
[INFO] [stderr]    Compiling cesu8 v1.1.0
[INFO] [stderr]    Compiling openssl-src v111.15.0+1.1.1k
[INFO] [stderr]    Compiling indexmap v1.6.2
[INFO] [stderr]    Compiling instant v0.1.9
[INFO] [stderr]    Compiling itertools v0.9.0
[INFO] [stderr]    Compiling libloading v0.7.0
[INFO] [stderr]    Compiling libz-sys v1.1.2
[INFO] [stderr]    Compiling tokio v1.5.0
[INFO] [stderr]    Compiling cmake v0.1.45
[INFO] [stderr]    Compiling tracing-core v0.1.17
[INFO] [stderr]    Compiling miniz_oxide v0.4.4
[INFO] [stderr]    Compiling futures-channel v0.3.14
[INFO] [stderr]    Compiling nom v5.1.2
[INFO] [stderr]    Compiling clang-sys v1.2.0
[INFO] [stderr]    Compiling walkdir v2.3.2
[INFO] [stderr]    Compiling lock_api v0.4.3
[INFO] [stderr]    Compiling unicode-bidi v0.3.5
[INFO] [stderr]    Compiling foreign-types v0.3.2
[INFO] [stderr]    Compiling http v0.2.4
[INFO] [stderr]    Compiling proc-macro2 v1.0.26
[INFO] [stderr]    Compiling form_urlencoded v1.0.1
[INFO] [stderr]    Compiling openssl-sys v0.9.61
[INFO] [stderr]    Compiling boringssl-src v0.2.0
[INFO] [stderr]    Compiling parking_lot_core v0.8.3
[INFO] [stderr]    Compiling getrandom v0.2.2
[INFO] [stderr]    Compiling which v4.1.0
[INFO] [stderr]    Compiling getrandom v0.1.16
[INFO] [stderr]    Compiling tracing v0.1.25
[INFO] [stderr]    Compiling idna v0.2.2
[INFO] [stderr]    Compiling rand_core v0.6.2
[INFO] [stderr]    Compiling mio v0.7.11
[INFO] [stderr]    Compiling want v0.3.0
[INFO] [stderr]    Compiling aho-corasick v0.7.15
[INFO] [stderr]    Compiling combine v4.5.2
[INFO] [stderr]    Compiling rand_core v0.5.1
[INFO] [stderr]    Compiling parking_lot v0.11.1
[INFO] [stderr]    Compiling quote v1.0.9
[INFO] [stderr]    Compiling jni v0.19.0
[INFO] [stderr]    Compiling prost-build v0.7.0
[INFO] [stderr]    Compiling serde_urlencoded v0.7.0
[INFO] [stderr]    Compiling rand_chacha v0.3.0
[INFO] [stderr]    Compiling petgraph v0.5.1
[INFO] [stderr]    Compiling rand_chacha v0.2.2
[INFO] [stderr]    Compiling url v2.2.1
[INFO] [stderr]    Compiling syn v1.0.69
[INFO] [stderr]    Compiling flate2 v1.0.20
[INFO] [stderr]    Compiling rand v0.8.3
[INFO] [stderr]    Compiling regex v1.4.5
[INFO] [stderr]    Compiling http-body v0.4.1
[INFO] [stderr]    Compiling rand v0.7.3
[INFO] [stderr]    Compiling procfs v0.9.1
[INFO] [stderr]    Compiling tempfile v3.2.0
[INFO] [stderr]    Compiling cexpr v0.4.0
[INFO] [stderr]    Compiling fail v0.4.0
[INFO] [stderr]    Compiling futures-macro v0.3.14
[INFO] [stderr]    Compiling prost-derive v0.7.0
[INFO] [stderr]    Compiling tokio-macros v1.1.0
[INFO] [stderr]    Compiling derive-new v0.5.9
[INFO] [stderr]    Compiling thiserror-impl v1.0.24
[INFO] [stderr]    Compiling pin-project-internal v1.0.6
[INFO] [stderr]    Compiling async-trait v0.1.48
[INFO] [stderr]    Compiling serde_derive v1.0.125
[INFO] [stderr]    Compiling futures-util v0.3.14
[INFO] [stderr]    Compiling grpcio-sys v0.8.1
[INFO] [stderr]    Compiling thiserror v1.0.24
[INFO] [stderr]    Compiling pin-project v1.0.6
[INFO] [stderr]    Compiling prost v0.7.0
[INFO] [stderr]    Compiling prost-types v0.7.0
[INFO] [stderr]    Compiling futures-executor v0.3.14
[INFO] [stderr]    Compiling futures v0.3.14
[INFO] [stderr]    Compiling tokio-util v0.6.5
[INFO] [stderr]    Compiling grpcio-compiler v0.8.0
[INFO] [stderr]    Compiling protobuf-build v0.12.1
[INFO] [stderr]    Compiling h2 v0.3.2
[INFO] [stderr]    Compiling tikv-client-proto v0.0.99
[INFO] [stderr]    Compiling hyper v0.14.5
[INFO] [stderr]    Compiling openssl v0.10.33
[INFO] [stderr]    Compiling native-tls v0.2.7
[INFO] [stderr]    Compiling tokio-native-tls v0.3.0
[INFO] [stderr]    Compiling hyper-tls v0.5.0
[INFO] [stderr]    Compiling reqwest v0.11.2
[INFO] [stderr] error: failed to run custom build command for `grpcio-sys v0.8.1`
[INFO] [stderr] 
[INFO] [stderr] Caused by:
[INFO] [stderr]   process didn't exit successfully: `/opt/rustwide/target/debug/build/grpcio-sys-7d2332daa223ede2/build-script-build` (exit status: 101)
[INFO] [stderr]   --- stdout
[INFO] [stderr]   cargo:rerun-if-changed=grpc_wrap.cc
[INFO] [stderr]   cargo:rerun-if-changed=grpc
[INFO] [stderr]   cargo:rerun-if-env-changed=UPDATE_BIND
[INFO] [stderr]   cargo:rerun-if-env-changed=CARGO_CFG_TARGET_OS
[INFO] [stderr]   cargo:rerun-if-env-changed=GRPCIO_SYS_USE_PKG_CONFIG
[INFO] [stderr]   cargo:rerun-if-env-changed=CARGO_CFG_TARGET_OS
[INFO] [stderr]   cargo:rerun-if-env-changed=CARGO_CFG_TARGET_OS
[INFO] [stderr]   cargo:rerun-if-env-changed=CARGO_CFG_TARGET_OS
[INFO] [stderr]   cargo:rerun-if-env-changed=CXX
[INFO] [stderr]   OPT_LEVEL = Some("0")
[INFO] [stderr]   TARGET = Some("x86_64-unknown-linux-gnu")
[INFO] [stderr]   HOST = Some("x86_64-unknown-linux-gnu")
[INFO] [stderr]   CC_x86_64-unknown-linux-gnu = None
[INFO] [stderr]   CC_x86_64_unknown_linux_gnu = None
[INFO] [stderr]   HOST_CC = None
[INFO] [stderr]   CC = None
[INFO] [stderr]   CFLAGS_x86_64-unknown-linux-gnu = None
[INFO] [stderr]   CFLAGS_x86_64_unknown_linux_gnu = None
[INFO] [stderr]   HOST_CFLAGS = None
[INFO] [stderr]   CFLAGS = None
[INFO] [stderr]   CRATE_CC_NO_DEFAULTS = None
[INFO] [stderr]   DEBUG = Some("true")
[INFO] [stderr]   CARGO_CFG_TARGET_FEATURE = Some("fxsr,sse,sse2")
[INFO] [stderr]   cargo:rustc-link-search=native=/opt/rustwide/target/debug/build/libz-sys-d5b68621c7f5bb1e/out/build
[INFO] [stderr]   cargo:rustc-link-search=native=/opt/rustwide/target/debug/build/libz-sys-d5b68621c7f5bb1e/out/lib
[INFO] [stderr]   running: "cmake" "/opt/rustwide/cargo-home/registry/src/github.com-1ecc6299db9ec823/grpcio-sys-0.8.1/grpc" "-DgRPC_INSTALL=false" "-DgRPC_BUILD_CSHARP_EXT=false" "-DgRPC_BUILD_CODEGEN=false" "-DgRPC_BENCHMARK_PROVIDER=none" "-DgRPC_SSL_PROVIDER=package" "-DgRPC_ZLIB_PROVIDER=package" "-DCMAKE_INSTALL_PREFIX=/opt/rustwide/target/debug/build/grpcio-sys-8f2f75985ba25d47/out" "-DCMAKE_C_FLAGS= -ffunction-sections -fdata-sections -fPIC -m64" "-DCMAKE_C_COMPILER=/usr/bin/cc" "-DCMAKE_CXX_FLAGS= -ffunction-sections -fdata-sections -fPIC -m64" "-DCMAKE_CXX_COMPILER=/usr/bin/c++" "-DCMAKE_ASM_FLAGS= -ffunction-sections -fdata-sections -fPIC -m64" "-DCMAKE_ASM_COMPILER=/usr/bin/cc" "-DCMAKE_BUILD_TYPE=Debug"
[INFO] [stderr]   -- The C compiler identification is GNU 9.3.0
[INFO] [stderr]   -- The CXX compiler identification is GNU 9.3.0
[INFO] [stderr]   -- Check for working C compiler: /usr/bin/cc
[INFO] [stderr]   -- Check for working C compiler: /usr/bin/cc -- works
[INFO] [stderr]   -- Detecting C compiler ABI info
[INFO] [stderr]   -- Detecting C compiler ABI info - done
[INFO] [stderr]   -- Detecting C compile features
[INFO] [stderr]   -- Detecting C compile features - done
[INFO] [stderr]   -- Check for working CXX compiler: /usr/bin/c++
[INFO] [stderr]   -- Check for working CXX compiler: /usr/bin/c++ -- works
[INFO] [stderr]   -- Detecting CXX compiler ABI info
[INFO] [stderr]   -- Detecting CXX compiler ABI info - done
[INFO] [stderr]   -- Detecting CXX compile features
[INFO] [stderr]   -- Detecting CXX compile features - done
[INFO] [stderr]   -- Looking for pthread.h
[INFO] [stderr]   -- Looking for pthread.h - found
[INFO] [stderr]   -- Performing Test CMAKE_HAVE_LIBC_PTHREAD
[INFO] [stderr]   -- Performing Test CMAKE_HAVE_LIBC_PTHREAD - Failed
[INFO] [stderr]   -- Looking for pthread_create in pthreads
[INFO] [stderr]   -- Looking for pthread_create in pthreads - not found
[INFO] [stderr]   -- Looking for pthread_create in pthread
[INFO] [stderr]   -- Looking for pthread_create in pthread - found
[INFO] [stderr]   -- Found Threads: TRUE  
[INFO] [stderr]   -- Looking for res_servicename in resolv
[INFO] [stderr]   -- Looking for res_servicename in resolv - not found
[INFO] [stderr]   -- Looking for gethostbyname in nsl
[INFO] [stderr]   -- Looking for gethostbyname in nsl - found
[INFO] [stderr]   -- Looking for gethostbyname in socket
[INFO] [stderr]   -- Looking for gethostbyname in socket - not found
[INFO] [stderr]   -- Looking for socket in socket
[INFO] [stderr]   -- Looking for socket in socket - not found
[INFO] [stderr]   -- Looking for clock_gettime in rt
[INFO] [stderr]   -- Looking for clock_gettime in rt - found
[INFO] [stderr]   -- Looking for include file sys/types.h
[INFO] [stderr]   -- Looking for include file sys/types.h - found
[INFO] [stderr]   -- Looking for include file sys/socket.h
[INFO] [stderr]   -- Looking for include file sys/socket.h - found
[INFO] [stderr]   -- Looking for include file arpa/inet.h
[INFO] [stderr]   -- Looking for include file arpa/inet.h - found
[INFO] [stderr]   -- Looking for include file arpa/nameser_compat.h
[INFO] [stderr]   -- Looking for include file arpa/nameser_compat.h - found
[INFO] [stderr]   -- Looking for include file arpa/nameser.h
[INFO] [stderr]   -- Looking for include file arpa/nameser.h - found
[INFO] [stderr]   -- Looking for include file assert.h
[INFO] [stderr]   -- Looking for include file assert.h - found
[INFO] [stderr]   -- Looking for include file errno.h
[INFO] [stderr]   -- Looking for include file errno.h - found
[INFO] [stderr]   -- Looking for include file fcntl.h
[INFO] [stderr]   -- Looking for include file fcntl.h - found
[INFO] [stderr]   -- Looking for include file inttypes.h
[INFO] [stderr]   -- Looking for include file inttypes.h - found
[INFO] [stderr]   -- Looking for include file limits.h
[INFO] [stderr]   -- Looking for include file limits.h - found
[INFO] [stderr]   -- Looking for include file malloc.h
[INFO] [stderr]   -- Looking for include file malloc.h - found
[INFO] [stderr]   -- Looking for include file memory.h
[INFO] [stderr]   -- Looking for include file memory.h - found
[INFO] [stderr]   -- Looking for include file netdb.h
[INFO] [stderr]   -- Looking for include file netdb.h - found
[INFO] [stderr]   -- Looking for include file netinet/in.h
[INFO] [stderr]   -- Looking for include file netinet/in.h - found
[INFO] [stderr]   -- Looking for include file netinet/tcp.h
[INFO] [stderr]   -- Looking for include file netinet/tcp.h - found
[INFO] [stderr]   -- Looking for include file net/if.h
[INFO] [stderr]   -- Looking for include file net/if.h - found
[INFO] [stderr]   -- Looking for include file signal.h
[INFO] [stderr]   -- Looking for include file signal.h - found
[INFO] [stderr]   -- Looking for include file socket.h
[INFO] [stderr]   -- Looking for include file socket.h - not found
[INFO] [stderr]   -- Looking for include file stdbool.h
[INFO] [stderr]   -- Looking for include file stdbool.h - found
[INFO] [stderr]   -- Looking for include file stdint.h
[INFO] [stderr]   -- Looking for include file stdint.h - found
[INFO] [stderr]   -- Looking for include file stdlib.h
[INFO] [stderr]   -- Looking for include file stdlib.h - found
[INFO] [stderr]   -- Looking for include file strings.h
[INFO] [stderr]   -- Looking for include file strings.h - found
[INFO] [stderr]   -- Looking for include file string.h
[INFO] [stderr]   -- Looking for include file string.h - found
[INFO] [stderr]   -- Looking for include file stropts.h
[INFO] [stderr]   -- Looking for include file stropts.h - not found
[INFO] [stderr]   -- Looking for include file sys/ioctl.h
[INFO] [stderr]   -- Looking for include file sys/ioctl.h - found
[INFO] [stderr]   -- Looking for include file sys/param.h
[INFO] [stderr]   -- Looking for include file sys/param.h - found
[INFO] [stderr]   -- Looking for include file sys/select.h
[INFO] [stderr]   -- Looking for include file sys/select.h - found
[INFO] [stderr]   -- Looking for include file sys/stat.h
[INFO] [stderr]   -- Looking for include file sys/stat.h - found
[INFO] [stderr]   -- Looking for include file sys/time.h
[INFO] [stderr]   -- Looking for include file sys/time.h - found
[INFO] [stderr]   -- Looking for include file sys/uio.h
[INFO] [stderr]   -- Looking for include file sys/uio.h - found
[INFO] [stderr]   -- Looking for include file time.h
[INFO] [stderr]   -- Looking for include file time.h - found
[INFO] [stderr]   -- Looking for include file dlfcn.h
[INFO] [stderr]   -- Looking for include file dlfcn.h - found
[INFO] [stderr]   -- Looking for include file unistd.h
[INFO] [stderr]   -- Looking for include file unistd.h - found
[INFO] [stderr]   -- Looking for include files winsock2.h, windows.h
[INFO] [stderr]   -- Looking for include files winsock2.h, windows.h - not found
[INFO] [stderr]   -- Looking for 3 include files winsock2.h, ..., windows.h
[INFO] [stderr]   -- Looking for 3 include files winsock2.h, ..., windows.h - not found
[INFO] [stderr]   -- Looking for include files winsock.h, windows.h
[INFO] [stderr]   -- Looking for include files winsock.h, windows.h - not found
[INFO] [stderr]   -- Looking for include file windows.h
[INFO] [stderr]   -- Looking for include file windows.h - not found
[INFO] [stderr]   -- Performing Test HAVE_SOCKLEN_T
[INFO] [stderr]   -- Performing Test HAVE_SOCKLEN_T - Success
[INFO] [stderr]   -- Performing Test HAVE_TYPE_SOCKET
[INFO] [stderr]   -- Performing Test HAVE_TYPE_SOCKET - Failed
[INFO] [stderr]   -- Performing Test HAVE_BOOL_T
[INFO] [stderr]   -- Performing Test HAVE_BOOL_T - Success
[INFO] [stderr]   -- Performing Test HAVE_SSIZE_T
[INFO] [stderr]   -- Performing Test HAVE_SSIZE_T - Success
[INFO] [stderr]   -- Performing Test HAVE_LONGLONG
[INFO] [stderr]   -- Performing Test HAVE_LONGLONG - Success
[INFO] [stderr]   -- Performing Test HAVE_SIG_ATOMIC_T
[INFO] [stderr]   -- Performing Test HAVE_SIG_ATOMIC_T - Success
[INFO] [stderr]   -- Performing Test HAVE_STRUCT_ADDRINFO
[INFO] [stderr]   -- Performing Test HAVE_STRUCT_ADDRINFO - Success
[INFO] [stderr]   -- Performing Test HAVE_STRUCT_IN6_ADDR
[INFO] [stderr]   -- Performing Test HAVE_STRUCT_IN6_ADDR - Success
[INFO] [stderr]   -- Performing Test HAVE_STRUCT_SOCKADDR_IN6
[INFO] [stderr]   -- Performing Test HAVE_STRUCT_SOCKADDR_IN6 - Success
[INFO] [stderr]   -- Performing Test HAVE_STRUCT_SOCKADDR_STORAGE
[INFO] [stderr]   -- Performing Test HAVE_STRUCT_SOCKADDR_STORAGE - Success
[INFO] [stderr]   -- Performing Test HAVE_STRUCT_TIMEVAL
[INFO] [stderr]   -- Performing Test HAVE_STRUCT_TIMEVAL - Success
[INFO] [stderr]   -- Looking for AF_INET6
[INFO] [stderr]   -- Looking for AF_INET6 - found
[INFO] [stderr]   -- Looking for O_NONBLOCK
[INFO] [stderr]   -- Looking for O_NONBLOCK - found
[INFO] [stderr]   -- Looking for FIONBIO
[INFO] [stderr]   -- Looking for FIONBIO - found
[INFO] [stderr]   -- Looking for SIOCGIFADDR
[INFO] [stderr]   -- Looking for SIOCGIFADDR - found
[INFO] [stderr]   -- Looking for MSG_NOSIGNAL
[INFO] [stderr]   -- Looking for MSG_NOSIGNAL - found
[INFO] [stderr]   -- Looking for PF_INET6
[INFO] [stderr]   -- Looking for PF_INET6 - found
[INFO] [stderr]   -- Looking for SO_NONBLOCK
[INFO] [stderr]   -- Looking for SO_NONBLOCK - not found
[INFO] [stderr]   -- Looking for CLOCK_MONOTONIC
[INFO] [stderr]   -- Looking for CLOCK_MONOTONIC - found
[INFO] [stderr]   -- Performing Test HAVE_SOCKADDR_IN6_SIN6_SCOPE_ID
[INFO] [stderr]   -- Performing Test HAVE_SOCKADDR_IN6_SIN6_SCOPE_ID - Success
[INFO] [stderr]   -- Performing Test HAVE_LL
[INFO] [stderr]   -- Performing Test HAVE_LL - Success
[INFO] [stderr]   -- Looking for bitncmp
[INFO] [stderr]   -- Looking for bitncmp - not found
[INFO] [stderr]   -- Looking for closesocket
[INFO] [stderr]   -- Looking for closesocket - not found
[INFO] [stderr]   -- Looking for CloseSocket
[INFO] [stderr]   -- Looking for CloseSocket - not found
[INFO] [stderr]   -- Looking for connect
[INFO] [stderr]   -- Looking for connect - found
[INFO] [stderr]   -- Looking for fcntl
[INFO] [stderr]   -- Looking for fcntl - found
[INFO] [stderr]   -- Looking for freeaddrinfo
[INFO] [stderr]   -- Looking for freeaddrinfo - found
[INFO] [stderr]   -- Looking for getaddrinfo
[INFO] [stderr]   -- Looking for getaddrinfo - found
[INFO] [stderr]   -- Looking for getenv
[INFO] [stderr]   -- Looking for getenv - found
[INFO] [stderr]   -- Looking for gethostbyaddr
[INFO] [stderr]   -- Looking for gethostbyaddr - found
[INFO] [stderr]   -- Looking for gethostbyname
[INFO] [stderr]   -- Looking for gethostbyname - found
[INFO] [stderr]   -- Looking for gethostname
[INFO] [stderr]   -- Looking for gethostname - found
[INFO] [stderr]   -- Looking for getnameinfo
[INFO] [stderr]   -- Looking for getnameinfo - found
[INFO] [stderr]   -- Looking for getservbyport_r
[INFO] [stderr]   -- Looking for getservbyport_r - found
[INFO] [stderr]   -- Looking for gettimeofday
[INFO] [stderr]   -- Looking for gettimeofday - found
[INFO] [stderr]   -- Looking for if_indextoname
[INFO] [stderr]   -- Looking for if_indextoname - found
[INFO] [stderr]   -- Looking for inet_net_pton
[INFO] [stderr]   -- Looking for inet_net_pton - not found
[INFO] [stderr]   -- Looking for inet_ntop
[INFO] [stderr]   -- Looking for inet_ntop - found
[INFO] [stderr]   -- Looking for inet_pton
[INFO] [stderr]   -- Looking for inet_pton - found
[INFO] [stderr]   -- Looking for ioctl
[INFO] [stderr]   -- Looking for ioctl - found
[INFO] [stderr]   -- Looking for ioctlsocket
[INFO] [stderr]   -- Looking for ioctlsocket - not found
[INFO] [stderr]   -- Looking for IoctlSocket
[INFO] [stderr]   -- Looking for IoctlSocket - not found
[INFO] [stderr]   -- Looking for recv
[INFO] [stderr]   -- Looking for recv - found
[INFO] [stderr]   -- Looking for recvfrom
[INFO] [stderr]   -- Looking for recvfrom - found
[INFO] [stderr]   -- Looking for send
[INFO] [stderr]   -- Looking for send - found
[INFO] [stderr]   -- Looking for setsockopt
[INFO] [stderr]   -- Looking for setsockopt - found
[INFO] [stderr]   -- Looking for socket
[INFO] [stderr]   -- Looking for socket - found
[INFO] [stderr]   -- Looking for strcasecmp
[INFO] [stderr]   -- Looking for strcasecmp - found
[INFO] [stderr]   -- Looking for strcmpi
[INFO] [stderr]   -- Looking for strcmpi - not found
[INFO] [stderr]   -- Looking for strdup
[INFO] [stderr]   -- Looking for strdup - found
[INFO] [stderr]   -- Looking for stricmp
[INFO] [stderr]   -- Looking for stricmp - not found
[INFO] [stderr]   -- Looking for strncasecmp
[INFO] [stderr]   -- Looking for strncasecmp - found
[INFO] [stderr]   -- Looking for strncmpi
[INFO] [stderr]   -- Looking for strncmpi - not found
[INFO] [stderr]   -- Looking for strnicmp
[INFO] [stderr]   -- Looking for strnicmp - not found
[INFO] [stderr]   -- Looking for writev
[INFO] [stderr]   -- Looking for writev - found
[INFO] [stderr]   -- Looking for __system_property_get
[INFO] [stderr]   -- Looking for __system_property_get - not found
[INFO] [stderr]   -- Found OpenSSL: /opt/rustwide/target/debug/build/openssl-sys-8e0ff9a1b7856aa6/out/openssl-build/install/lib/libcrypto.a (found version "1.1.1k")  
[INFO] [stderr]   -- Found ZLIB: /opt/rustwide/target/debug/build/libz-sys-d5b68621c7f5bb1e/out/build/libz.a (found version "1.2.11") 
[INFO] [stderr]   -- Configuring done
[INFO] [stderr]   -- Generating done
[INFO] [stderr]   -- Build files have been written to: /opt/rustwide/target/debug/build/grpcio-sys-8f2f75985ba25d47/out/build
[INFO] [stderr]   running: "cmake" "--build" "." "--target" "grpc" "--config" "Debug" "--"
[INFO] [stderr]   Scanning dependencies of target absl_exponential_biased
[INFO] [stderr]   Scanning dependencies of target absl_log_severity
[INFO] [stderr]   Scanning dependencies of target absl_int128
[INFO] [stderr]   Scanning dependencies of target absl_city
[INFO] [stderr]   Scanning dependencies of target re2
[INFO] [stderr]   [  0%] Building CXX object third_party/abseil-cpp/absl/base/CMakeFiles/absl_log_severity.dir/log_severity.cc.o
[INFO] [stderr]   Scanning dependencies of target absl_civil_time
[INFO] [stderr]   [  0%] Building CXX object third_party/abseil-cpp/absl/numeric/CMakeFiles/absl_int128.dir/int128.cc.o
[INFO] [stderr]   [  1%] Building CXX object third_party/abseil-cpp/absl/base/CMakeFiles/absl_exponential_biased.dir/internal/exponential_biased.cc.o
[INFO] [stderr]   Scanning dependencies of target absl_spinlock_wait
[INFO] [stderr]   [  1%] Building CXX object third_party/re2/CMakeFiles/re2.dir/re2/bitstate.cc.o
[INFO] [stderr]   Scanning dependencies of target absl_time_zone
[INFO] [stderr]   [  1%] Building CXX object third_party/abseil-cpp/absl/hash/CMakeFiles/absl_city.dir/internal/city.cc.o
[INFO] [stderr]   [  1%] Building CXX object third_party/re2/CMakeFiles/re2.dir/re2/compile.cc.o
[INFO] [stderr]   Scanning dependencies of target address_sorting
[INFO] [stderr]   [  1%] Building CXX object third_party/abseil-cpp/absl/time/CMakeFiles/absl_time_zone.dir/internal/cctz/src/time_zone_format.cc.o
[INFO] [stderr]   [  1%] Building CXX object third_party/abseil-cpp/absl/time/CMakeFiles/absl_time_zone.dir/internal/cctz/src/time_zone_fixed.cc.o
[INFO] [stderr]   [  1%] Building CXX object third_party/abseil-cpp/absl/time/CMakeFiles/absl_time_zone.dir/internal/cctz/src/time_zone_if.cc.o
[INFO] [stderr]   [  1%] Building CXX object third_party/re2/CMakeFiles/re2.dir/re2/filtered_re2.cc.o
[INFO] [stderr]   [  1%] Building CXX object third_party/abseil-cpp/absl/time/CMakeFiles/absl_civil_time.dir/internal/cctz/src/civil_time_detail.cc.o
[INFO] [stderr]   Scanning dependencies of target upb
[INFO] [stderr]   [  1%] Building CXX object third_party/abseil-cpp/absl/base/CMakeFiles/absl_spinlock_wait.dir/internal/spinlock_wait.cc.o
[INFO] [stderr]   [  1%] Building CXX object third_party/re2/CMakeFiles/re2.dir/re2/dfa.cc.o
[INFO] [stderr]   [  1%] Building C object CMakeFiles/address_sorting.dir/third_party/address_sorting/address_sorting.c.o
[INFO] [stderr]   [  1%] Building C object CMakeFiles/upb.dir/third_party/upb/upb/decode_fast.c.o
[INFO] [stderr]   Scanning dependencies of target c-ares
[INFO] [stderr]   [  1%] Building C object third_party/cares/cares/CMakeFiles/c-ares.dir/ares__close_sockets.c.o
[INFO] [stderr]   [  1%] Building C object CMakeFiles/address_sorting.dir/third_party/address_sorting/address_sorting_posix.c.o
[INFO] [stderr]   [  1%] Building C object CMakeFiles/upb.dir/third_party/upb/upb/decode.c.o
[INFO] [stderr]   [  1%] Building C object third_party/cares/cares/CMakeFiles/c-ares.dir/ares__get_hostent.c.o
[INFO] [stderr]   [  3%] Linking CXX static library libabsl_spinlock_wait.a
[INFO] [stderr]   [  3%] Building C object CMakeFiles/address_sorting.dir/third_party/address_sorting/address_sorting_windows.c.o
[INFO] [stderr]   [  3%] Building C object CMakeFiles/upb.dir/third_party/upb/upb/def.c.o
[INFO] [stderr]   [  3%] Linking C static library libaddress_sorting.a
[INFO] [stderr]   [  3%] Built target absl_spinlock_wait
[INFO] [stderr]   [  3%] Building C object third_party/cares/cares/CMakeFiles/c-ares.dir/ares__read_line.c.o
[INFO] [stderr]   [  3%] Building C object CMakeFiles/upb.dir/third_party/upb/upb/encode.c.o
[INFO] [stderr]   [  3%] Built target address_sorting
[INFO] [stderr]   [  3%] Building C object third_party/cares/cares/CMakeFiles/c-ares.dir/ares__timeval.c.o
[INFO] [stderr]   [  3%] Linking CXX static library libabsl_exponential_biased.a
[INFO] [stderr]   [  3%] Building C object third_party/cares/cares/CMakeFiles/c-ares.dir/ares_android.c.o
[INFO] [stderr]   [  5%] Building C object third_party/cares/cares/CMakeFiles/c-ares.dir/ares_cancel.c.o
[INFO] [stderr]   [  5%] Linking CXX static library libabsl_city.a
[INFO] [stderr]   [  5%] Built target absl_exponential_biased
[INFO] [stderr]   [  5%] Building C object third_party/cares/cares/CMakeFiles/c-ares.dir/ares_data.c.o
[INFO] [stderr]   [  5%] Building C object third_party/cares/cares/CMakeFiles/c-ares.dir/ares_destroy.c.o
[INFO] [stderr]   [  5%] Linking CXX static library libabsl_log_severity.a
[INFO] [stderr]   [  5%] Linking CXX static library libabsl_civil_time.a
[INFO] [stderr]   [  5%] Building C object CMakeFiles/upb.dir/third_party/upb/upb/json_decode.c.o
[INFO] [stderr]   [  5%] Building C object third_party/cares/cares/CMakeFiles/c-ares.dir/ares_expand_name.c.o
[INFO] [stderr]   [  5%] Built target absl_city
[INFO] [stderr]   [  5%] Building CXX object third_party/abseil-cpp/absl/time/CMakeFiles/absl_time_zone.dir/internal/cctz/src/time_zone_impl.cc.o
[INFO] [stderr]   [  6%] Building C object third_party/cares/cares/CMakeFiles/c-ares.dir/ares_expand_string.c.o
[INFO] [stderr]   [  6%] Building C object third_party/cares/cares/CMakeFiles/c-ares.dir/ares_fds.c.o
[INFO] [stderr]   [  6%] Built target absl_log_severity
[INFO] [stderr]   [  6%] Built target absl_civil_time
[INFO] [stderr]   [  6%] Building C object third_party/cares/cares/CMakeFiles/c-ares.dir/ares_free_hostent.c.o
[INFO] [stderr]   [  6%] Building CXX object third_party/abseil-cpp/absl/time/CMakeFiles/absl_time_zone.dir/internal/cctz/src/time_zone_info.cc.o
[INFO] [stderr]   Scanning dependencies of target absl_raw_logging_internal
[INFO] [stderr]   [  6%] Building C object third_party/cares/cares/CMakeFiles/c-ares.dir/ares_free_string.c.o
[INFO] [stderr]   [  6%] Building CXX object third_party/abseil-cpp/absl/base/CMakeFiles/absl_raw_logging_internal.dir/internal/raw_logging.cc.o
[INFO] [stderr]   [  6%] Building CXX object third_party/abseil-cpp/absl/time/CMakeFiles/absl_time_zone.dir/internal/cctz/src/time_zone_libc.cc.o
[INFO] [stderr]   [  6%] Building C object third_party/cares/cares/CMakeFiles/c-ares.dir/ares_getenv.c.o
[INFO] [stderr]   [  6%] Building CXX object third_party/abseil-cpp/absl/time/CMakeFiles/absl_time_zone.dir/internal/cctz/src/time_zone_lookup.cc.o
[INFO] [stderr]   [  6%] Building C object third_party/cares/cares/CMakeFiles/c-ares.dir/ares_gethostbyaddr.c.o
[INFO] [stderr]   [  6%] Building C object third_party/cares/cares/CMakeFiles/c-ares.dir/ares_gethostbyname.c.o
[INFO] [stderr]   [  6%] Building C object third_party/cares/cares/CMakeFiles/c-ares.dir/ares_getnameinfo.c.o
[INFO] [stderr]   [  6%] Building C object CMakeFiles/upb.dir/third_party/upb/upb/json_encode.c.o
[INFO] [stderr]   [  6%] Linking CXX static library libabsl_int128.a
[INFO] [stderr]   [  6%] Building CXX object third_party/abseil-cpp/absl/time/CMakeFiles/absl_time_zone.dir/internal/cctz/src/time_zone_posix.cc.o
[INFO] [stderr]   [  6%] Building C object third_party/cares/cares/CMakeFiles/c-ares.dir/ares_getsock.c.o
[INFO] [stderr]   [  6%] Building C object CMakeFiles/upb.dir/third_party/upb/upb/msg.c.o
[INFO] [stderr]   [  6%] Building CXX object third_party/abseil-cpp/absl/time/CMakeFiles/absl_time_zone.dir/internal/cctz/src/zone_info_source.cc.o
[INFO] [stderr]   [  6%] Building CXX object third_party/re2/CMakeFiles/re2.dir/re2/mimics_pcre.cc.o
[INFO] [stderr]   [  6%] Built target absl_int128
[INFO] [stderr]   [  6%] Building CXX object third_party/re2/CMakeFiles/re2.dir/re2/nfa.cc.o
[INFO] [stderr]   [  6%] Building C object CMakeFiles/upb.dir/third_party/upb/upb/reflection.c.o
[INFO] [stderr]   [  6%] Building C object third_party/cares/cares/CMakeFiles/c-ares.dir/ares_library_init.c.o
[INFO] [stderr]   [  6%] Building C object third_party/cares/cares/CMakeFiles/c-ares.dir/ares_init.c.o
[INFO] [stderr]   [  6%] Building C object CMakeFiles/upb.dir/third_party/upb/upb/table.c.o
[INFO] [stderr]   [  6%] Building C object CMakeFiles/upb.dir/third_party/upb/upb/text_encode.c.o
[INFO] [stderr]   [  6%] Building C object third_party/cares/cares/CMakeFiles/c-ares.dir/ares_llist.c.o
[INFO] [stderr]   [  6%] Building C object CMakeFiles/upb.dir/third_party/upb/upb/upb.c.o
[INFO] [stderr]   [  6%] Linking CXX static library libabsl_raw_logging_internal.a
[INFO] [stderr]   [  8%] Building CXX object third_party/re2/CMakeFiles/re2.dir/re2/onepass.cc.o
[INFO] [stderr]   [  8%] Building C object third_party/cares/cares/CMakeFiles/c-ares.dir/ares_mkquery.c.o
[INFO] [stderr]   [  8%] Building CXX object third_party/re2/CMakeFiles/re2.dir/re2/parse.cc.o
[INFO] [stderr]   [  8%] Built target absl_raw_logging_internal
[INFO] [stderr]   [ 10%] Building C object third_party/cares/cares/CMakeFiles/c-ares.dir/ares_create_query.c.o
[INFO] [stderr]   Scanning dependencies of target absl_debugging_internal
[INFO] [stderr]   [ 10%] Building C object third_party/cares/cares/CMakeFiles/c-ares.dir/ares_nowarn.c.o
[INFO] [stderr]   [ 10%] Building CXX object third_party/abseil-cpp/absl/debugging/CMakeFiles/absl_debugging_internal.dir/internal/address_is_readable.cc.o
[INFO] [stderr]   [ 10%] Building C object CMakeFiles/upb.dir/src/core/ext/upb-generated/google/protobuf/descriptor.upb.c.o
[INFO] [stderr]   [ 10%] Building C object third_party/cares/cares/CMakeFiles/c-ares.dir/ares_options.c.o
[INFO] [stderr]   [ 10%] Building C object third_party/cares/cares/CMakeFiles/c-ares.dir/ares_parse_a_reply.c.o
[INFO] [stderr]   [ 10%] Building C object third_party/cares/cares/CMakeFiles/c-ares.dir/ares_parse_aaaa_reply.c.o
[INFO] [stderr]   [ 12%] Linking C static library libupb.a
[INFO] [stderr]   [ 12%] Building C object third_party/cares/cares/CMakeFiles/c-ares.dir/ares_parse_mx_reply.c.o
[INFO] [stderr]   Scanning dependencies of target absl_strings_internal
[INFO] [stderr]   [ 12%] Building C object third_party/cares/cares/CMakeFiles/c-ares.dir/ares_parse_naptr_reply.c.o
[INFO] [stderr]   [ 12%] Building CXX object third_party/abseil-cpp/absl/strings/CMakeFiles/absl_strings_internal.dir/internal/ostringstream.cc.o
[INFO] [stderr]   [ 12%] Building C object third_party/cares/cares/CMakeFiles/c-ares.dir/ares_parse_ns_reply.c.o
[INFO] [stderr]   [ 12%] Built target upb
[INFO] [stderr]   Scanning dependencies of target absl_throw_delegate
[INFO] [stderr]   [ 12%] Building CXX object third_party/abseil-cpp/absl/base/CMakeFiles/absl_throw_delegate.dir/internal/throw_delegate.cc.o
[INFO] [stderr]   [ 12%] Building CXX object third_party/re2/CMakeFiles/re2.dir/re2/perl_groups.cc.o
[INFO] [stderr]   Scanning dependencies of target absl_base
[INFO] [stderr]   [ 12%] Building C object third_party/cares/cares/CMakeFiles/c-ares.dir/ares_parse_ptr_reply.c.o
[INFO] [stderr]   [ 12%] Building CXX object third_party/re2/CMakeFiles/re2.dir/re2/prefilter.cc.o
[INFO] [stderr]   [ 12%] Building C object third_party/cares/cares/CMakeFiles/c-ares.dir/ares_parse_soa_reply.c.o
[INFO] [stderr]   [ 12%] Building CXX object third_party/abseil-cpp/absl/base/CMakeFiles/absl_base.dir/internal/cycleclock.cc.o
[INFO] [stderr]   [ 12%] Building CXX object third_party/re2/CMakeFiles/re2.dir/re2/prefilter_tree.cc.o
[INFO] [stderr]   [ 12%] Building CXX object third_party/re2/CMakeFiles/re2.dir/re2/prog.cc.o
[INFO] [stderr]   [ 12%] Building C object third_party/cares/cares/CMakeFiles/c-ares.dir/ares_parse_srv_reply.c.o
[INFO] [stderr]   [ 12%] Building C object third_party/cares/cares/CMakeFiles/c-ares.dir/ares_parse_txt_reply.c.o
[INFO] [stderr]   [ 12%] Building C object third_party/cares/cares/CMakeFiles/c-ares.dir/ares_platform.c.o
[INFO] [stderr]   [ 12%] Building CXX object third_party/abseil-cpp/absl/base/CMakeFiles/absl_base.dir/internal/spinlock.cc.o
[INFO] [stderr]   [ 12%] Building CXX object third_party/abseil-cpp/absl/base/CMakeFiles/absl_base.dir/internal/sysinfo.cc.o
[INFO] [stderr]   [ 12%] Building CXX object third_party/abseil-cpp/absl/strings/CMakeFiles/absl_strings_internal.dir/internal/utf8.cc.o
[INFO] [stderr]   [ 12%] Building CXX object third_party/abseil-cpp/absl/debugging/CMakeFiles/absl_debugging_internal.dir/internal/elf_mem_image.cc.o
[INFO] [stderr]   [ 12%] Building C object third_party/cares/cares/CMakeFiles/c-ares.dir/ares_process.c.o
[INFO] [stderr]   [ 13%] Building C object third_party/cares/cares/CMakeFiles/c-ares.dir/ares_query.c.o
[INFO] [stderr]   [ 13%] Building CXX object third_party/abseil-cpp/absl/strings/CMakeFiles/absl_strings_internal.dir/internal/escaping.cc.o
[INFO] [stderr]   [ 13%] Building CXX object third_party/abseil-cpp/absl/base/CMakeFiles/absl_base.dir/internal/thread_identity.cc.o
[INFO] [stderr]   [ 13%] Building C object third_party/cares/cares/CMakeFiles/c-ares.dir/ares_search.c.o
[INFO] [stderr]   [ 13%] Building C object third_party/cares/cares/CMakeFiles/c-ares.dir/ares_send.c.o
[INFO] [stderr]   [ 13%] Building C object third_party/cares/cares/CMakeFiles/c-ares.dir/ares_strcasecmp.c.o
[INFO] [stderr]   [ 13%] Building CXX object third_party/abseil-cpp/absl/base/CMakeFiles/absl_base.dir/internal/unscaledcycleclock.cc.o
[INFO] [stderr]   [ 13%] Building C object third_party/cares/cares/CMakeFiles/c-ares.dir/ares_strdup.c.o
[INFO] [stderr]   [ 13%] Building CXX object third_party/abseil-cpp/absl/debugging/CMakeFiles/absl_debugging_internal.dir/internal/vdso_support.cc.o
[INFO] [stderr]   [ 13%] Linking CXX static library libabsl_throw_delegate.a
[INFO] [stderr]   [ 13%] Building C object third_party/cares/cares/CMakeFiles/c-ares.dir/ares_strerror.c.o
[INFO] [stderr]   [ 13%] Linking CXX static library libabsl_time_zone.a
[INFO] [stderr]   [ 13%] Building C object third_party/cares/cares/CMakeFiles/c-ares.dir/ares_strsplit.c.o
[INFO] [stderr]   [ 13%] Building CXX object third_party/re2/CMakeFiles/re2.dir/re2/re2.cc.o
[INFO] [stderr]   [ 13%] Built target absl_throw_delegate
[INFO] [stderr]   [ 13%] Building CXX object third_party/re2/CMakeFiles/re2.dir/re2/regexp.cc.o
[INFO] [stderr]   Scanning dependencies of target absl_bad_variant_access
[INFO] [stderr]   [ 13%] Building C object third_party/cares/cares/CMakeFiles/c-ares.dir/ares_timeout.c.o
[INFO] [stderr]   [ 13%] Linking CXX static library libabsl_strings_internal.a
[INFO] [stderr]   [ 13%] Building CXX object third_party/abseil-cpp/absl/types/CMakeFiles/absl_bad_variant_access.dir/bad_variant_access.cc.o
[INFO] [stderr]   [ 13%] Built target absl_time_zone
[INFO] [stderr]   [ 13%] Building C object third_party/cares/cares/CMakeFiles/c-ares.dir/ares_version.c.o
[INFO] [stderr]   [ 13%] Building CXX object third_party/re2/CMakeFiles/re2.dir/re2/set.cc.o
[INFO] [stderr]   Scanning dependencies of target absl_bad_optional_access
[INFO] [stderr]   [ 13%] Built target absl_strings_internal
[INFO] [stderr]   [ 13%] Building CXX object third_party/abseil-cpp/absl/types/CMakeFiles/absl_bad_optional_access.dir/bad_optional_access.cc.o
[INFO] [stderr]   [ 13%] Building C object third_party/cares/cares/CMakeFiles/c-ares.dir/ares_writev.c.o
[INFO] [stderr]   [ 13%] Building CXX object third_party/re2/CMakeFiles/re2.dir/re2/simplify.cc.o
[INFO] [stderr]   [ 13%] Building C object third_party/cares/cares/CMakeFiles/c-ares.dir/bitncmp.c.o
[INFO] [stderr]   [ 13%] Building C object third_party/cares/cares/CMakeFiles/c-ares.dir/inet_net_pton.c.o
[INFO] [stderr]   [ 13%] Building CXX object third_party/re2/CMakeFiles/re2.dir/re2/stringpiece.cc.o
[INFO] [stderr]   [ 13%] Linking CXX static library libabsl_debugging_internal.a
[INFO] [stderr]   [ 13%] Building C object third_party/cares/cares/CMakeFiles/c-ares.dir/inet_ntop.c.o
[INFO] [stderr]   [ 13%] Building CXX object third_party/re2/CMakeFiles/re2.dir/re2/tostring.cc.o
[INFO] [stderr]   [ 13%] Linking CXX static library libabsl_base.a
[INFO] [stderr]   [ 13%] Built target absl_debugging_internal
[INFO] [stderr]   [ 15%] Building C object third_party/cares/cares/CMakeFiles/c-ares.dir/windows_port.c.o
[INFO] [stderr]   [ 15%] Building CXX object third_party/re2/CMakeFiles/re2.dir/re2/unicode_casefold.cc.o
[INFO] [stderr]   Scanning dependencies of target absl_stacktrace
[INFO] [stderr]   [ 17%] Building CXX object third_party/re2/CMakeFiles/re2.dir/re2/unicode_groups.cc.o
[INFO] [stderr]   [ 17%] Building CXX object third_party/re2/CMakeFiles/re2.dir/util/rune.cc.o
[INFO] [stderr]   [ 17%] Building CXX object third_party/abseil-cpp/absl/debugging/CMakeFiles/absl_stacktrace.dir/stacktrace.cc.o
[INFO] [stderr]   [ 17%] Built target absl_base
[INFO] [stderr]   [ 17%] Linking C static library lib/libcares.a
[INFO] [stderr]   [ 17%] Linking CXX static library libabsl_bad_variant_access.a
[INFO] [stderr]   [ 17%] Building CXX object third_party/re2/CMakeFiles/re2.dir/util/strutil.cc.o
[INFO] [stderr]   Scanning dependencies of target absl_strings
[INFO] [stderr]   [ 17%] Building CXX object third_party/abseil-cpp/absl/strings/CMakeFiles/absl_strings.dir/ascii.cc.o
[INFO] [stderr]   [ 17%] Built target absl_bad_variant_access
[INFO] [stderr]   [ 17%] Linking CXX static library libabsl_bad_optional_access.a
[INFO] [stderr]   [ 17%] Built target c-ares
[INFO] [stderr]   Scanning dependencies of target absl_demangle_internal
[INFO] [stderr]   [ 17%] Building CXX object third_party/abseil-cpp/absl/strings/CMakeFiles/absl_strings.dir/charconv.cc.o
[INFO] [stderr]   [ 17%] Building CXX object third_party/abseil-cpp/absl/strings/CMakeFiles/absl_strings.dir/escaping.cc.o
[INFO] [stderr]   [ 17%] Building CXX object third_party/abseil-cpp/absl/debugging/CMakeFiles/absl_demangle_internal.dir/internal/demangle.cc.o
[INFO] [stderr]   Scanning dependencies of target absl_malloc_internal
[INFO] [stderr]   [ 17%] Building CXX object third_party/abseil-cpp/absl/base/CMakeFiles/absl_malloc_internal.dir/internal/low_level_alloc.cc.o
[INFO] [stderr]   [ 17%] Built target absl_bad_optional_access
[INFO] [stderr]   [ 17%] Building CXX object third_party/abseil-cpp/absl/strings/CMakeFiles/absl_strings.dir/internal/charconv_bigint.cc.o
[INFO] [stderr]   [ 17%] Building CXX object third_party/abseil-cpp/absl/strings/CMakeFiles/absl_strings.dir/internal/charconv_parse.cc.o
[INFO] [stderr]   [ 17%] Building CXX object third_party/abseil-cpp/absl/strings/CMakeFiles/absl_strings.dir/internal/memutil.cc.o
[INFO] [stderr]   [ 17%] Linking CXX static library libabsl_stacktrace.a
[INFO] [stderr]   [ 17%] Linking CXX static library libabsl_demangle_internal.a
[INFO] [stderr]   [ 17%] Building CXX object third_party/abseil-cpp/absl/strings/CMakeFiles/absl_strings.dir/match.cc.o
[INFO] [stderr]   [ 17%] Built target absl_stacktrace
[INFO] [stderr]   [ 17%] Building CXX object third_party/abseil-cpp/absl/strings/CMakeFiles/absl_strings.dir/numbers.cc.o
[INFO] [stderr]   [ 17%] Built target absl_demangle_internal
[INFO] [stderr]   [ 17%] Building CXX object third_party/abseil-cpp/absl/strings/CMakeFiles/absl_strings.dir/str_cat.cc.o
[INFO] [stderr]   [ 18%] Building CXX object third_party/abseil-cpp/absl/strings/CMakeFiles/absl_strings.dir/str_replace.cc.o
[INFO] [stderr]   [ 18%] Building CXX object third_party/abseil-cpp/absl/strings/CMakeFiles/absl_strings.dir/str_split.cc.o
[INFO] [stderr]   [ 18%] Building CXX object third_party/abseil-cpp/absl/strings/CMakeFiles/absl_strings.dir/string_view.cc.o
[INFO] [stderr]   [ 18%] Building CXX object third_party/abseil-cpp/absl/strings/CMakeFiles/absl_strings.dir/substitute.cc.o
[INFO] [stderr]   [ 18%] Linking CXX static library libabsl_malloc_internal.a
[INFO] [stderr]   [ 18%] Built target absl_malloc_internal
[INFO] [stderr]   Scanning dependencies of target absl_graphcycles_internal
[INFO] [stderr]   [ 18%] Building CXX object third_party/abseil-cpp/absl/synchronization/CMakeFiles/absl_graphcycles_internal.dir/internal/graphcycles.cc.o
[INFO] [stderr]   [ 18%] Linking CXX static library libre2.a
[INFO] [stderr]   [ 18%] Linking CXX static library libabsl_strings.a
[INFO] [stderr]   [ 18%] Built target absl_strings
[INFO] [stderr]   Scanning dependencies of target absl_symbolize
[INFO] [stderr]   Scanning dependencies of target absl_str_format_internal
[INFO] [stderr]   Scanning dependencies of target absl_hash
[INFO] [stderr]   Scanning dependencies of target absl_time
[INFO] [stderr]   Scanning dependencies of target absl_cord
[INFO] [stderr]   [ 18%] Building CXX object third_party/abseil-cpp/absl/debugging/CMakeFiles/absl_symbolize.dir/symbolize.cc.o
[INFO] [stderr]   [ 18%] Building CXX object third_party/abseil-cpp/absl/strings/CMakeFiles/absl_str_format_internal.dir/internal/str_format/arg.cc.o
[INFO] [stderr]   [ 18%] Building CXX object third_party/abseil-cpp/absl/hash/CMakeFiles/absl_hash.dir/internal/hash.cc.o
[INFO] [stderr]   [ 18%] Building CXX object third_party/abseil-cpp/absl/strings/CMakeFiles/absl_cord.dir/cord.cc.o
[INFO] [stderr]   [ 20%] Building CXX object third_party/abseil-cpp/absl/strings/CMakeFiles/absl_str_format_internal.dir/internal/str_format/parser.cc.o
[INFO] [stderr]   [ 20%] Building CXX object third_party/abseil-cpp/absl/strings/CMakeFiles/absl_str_format_internal.dir/internal/str_format/bind.cc.o
[INFO] [stderr]   [ 20%] Building CXX object third_party/abseil-cpp/absl/strings/CMakeFiles/absl_str_format_internal.dir/internal/str_format/float_conversion.cc.o
[INFO] [stderr]   [ 20%] Building CXX object third_party/abseil-cpp/absl/time/CMakeFiles/absl_time.dir/civil_time.cc.o
[INFO] [stderr]   [ 20%] Building CXX object third_party/abseil-cpp/absl/strings/CMakeFiles/absl_str_format_internal.dir/internal/str_format/output.cc.o
[INFO] [stderr]   [ 20%] Building CXX object third_party/abseil-cpp/absl/strings/CMakeFiles/absl_str_format_internal.dir/internal/str_format/extension.cc.o
[INFO] [stderr]   [ 20%] Building CXX object third_party/abseil-cpp/absl/time/CMakeFiles/absl_time.dir/clock.cc.o
[INFO] [stderr]   [ 20%] Building CXX object third_party/abseil-cpp/absl/time/CMakeFiles/absl_time.dir/format.cc.o
[INFO] [stderr]   [ 20%] Building CXX object third_party/abseil-cpp/absl/time/CMakeFiles/absl_time.dir/time.cc.o
[INFO] [stderr]   [ 20%] Built target re2
[INFO] [stderr]   [ 20%] Building CXX object third_party/abseil-cpp/absl/time/CMakeFiles/absl_time.dir/duration.cc.o
[INFO] [stderr]   [ 20%] Linking CXX static library libabsl_graphcycles_internal.a
[INFO] [stderr]   [ 20%] Built target absl_graphcycles_internal
[INFO] [stderr]   [ 20%] Linking CXX static library libabsl_symbolize.a
[INFO] [stderr]   [ 20%] Built target absl_symbolize
[INFO] [stderr]   [ 20%] Linking CXX static library libabsl_hash.a
[INFO] [stderr]   [ 20%] Built target absl_hash
[INFO] [stderr]   [ 22%] Linking CXX static library libabsl_time.a
[INFO] [stderr]   [ 22%] Linking CXX static library libabsl_str_format_internal.a
[INFO] [stderr]   [ 22%] Built target absl_time
[INFO] [stderr]   Scanning dependencies of target absl_synchronization
[INFO] [stderr]   [ 22%] Building CXX object third_party/abseil-cpp/absl/synchronization/CMakeFiles/absl_synchronization.dir/blocking_counter.cc.o
[INFO] [stderr]   [ 22%] Built target absl_str_format_internal
[INFO] [stderr]   [ 22%] Building CXX object third_party/abseil-cpp/absl/synchronization/CMakeFiles/absl_synchronization.dir/barrier.cc.o
[INFO] [stderr]   [ 24%] Building CXX object third_party/abseil-cpp/absl/synchronization/CMakeFiles/absl_synchronization.dir/internal/create_thread_identity.cc.o
[INFO] [stderr]   [ 24%] Building CXX object third_party/abseil-cpp/absl/synchronization/CMakeFiles/absl_synchronization.dir/internal/waiter.cc.o
[INFO] [stderr]   [ 24%] Building CXX object third_party/abseil-cpp/absl/synchronization/CMakeFiles/absl_synchronization.dir/internal/per_thread_sem.cc.o
[INFO] [stderr]   [ 24%] Building CXX object third_party/abseil-cpp/absl/synchronization/CMakeFiles/absl_synchronization.dir/mutex.cc.o
[INFO] [stderr]   [ 24%] Building CXX object third_party/abseil-cpp/absl/synchronization/CMakeFiles/absl_synchronization.dir/notification.cc.o
[INFO] [stderr]   [ 24%] Linking CXX static library libabsl_cord.a
[INFO] [stderr]   [ 24%] Linking CXX static library libabsl_synchronization.a
[INFO] [stderr]   [ 24%] Built target absl_cord
[INFO] [stderr]   [ 24%] Built target absl_synchronization
[INFO] [stderr]   Scanning dependencies of target absl_status
[INFO] [stderr]   Scanning dependencies of target absl_hashtablez_sampler
[INFO] [stderr]   [ 24%] Building CXX object third_party/abseil-cpp/absl/status/CMakeFiles/absl_status.dir/status.cc.o
[INFO] [stderr]   [ 24%] Building CXX object third_party/abseil-cpp/absl/container/CMakeFiles/absl_hashtablez_sampler.dir/internal/hashtablez_sampler_force_weak_definition.cc.o
[INFO] [stderr]   [ 24%] Building CXX object third_party/abseil-cpp/absl/status/CMakeFiles/absl_status.dir/status_payload_printer.cc.o
[INFO] [stderr]   [ 24%] Building CXX object third_party/abseil-cpp/absl/container/CMakeFiles/absl_hashtablez_sampler.dir/internal/hashtablez_sampler.cc.o
[INFO] [stderr]   [ 24%] Linking CXX static library libabsl_hashtablez_sampler.a
[INFO] [stderr]   [ 24%] Built target absl_hashtablez_sampler
[INFO] [stderr]   Scanning dependencies of target absl_raw_hash_set
[INFO] [stderr]   [ 24%] Building CXX object third_party/abseil-cpp/absl/container/CMakeFiles/absl_raw_hash_set.dir/internal/raw_hash_set.cc.o
[INFO] [stderr]   [ 24%] Linking CXX static library libabsl_status.a
[INFO] [stderr]   [ 24%] Built target absl_status
[INFO] [stderr]   Scanning dependencies of target absl_statusor
[INFO] [stderr]   [ 24%] Building CXX object third_party/abseil-cpp/absl/status/CMakeFiles/absl_statusor.dir/statusor.cc.o
[INFO] [stderr]   Scanning dependencies of target gpr
[INFO] [stderr]   [ 24%] Linking CXX static library libabsl_raw_hash_set.a
[INFO] [stderr]   [ 24%] Building CXX object CMakeFiles/gpr.dir/src/core/lib/gpr/alloc.cc.o
[INFO] [stderr]   [ 24%] Building CXX object CMakeFiles/gpr.dir/src/core/lib/gpr/cpu_iphone.cc.o
[INFO] [stderr]   [ 24%] Building CXX object CMakeFiles/gpr.dir/src/core/lib/gpr/atm.cc.o
[INFO] [stderr]   [ 25%] Building CXX object CMakeFiles/gpr.dir/src/core/lib/gpr/cpu_windows.cc.o
[INFO] [stderr]   [ 25%] Building CXX object CMakeFiles/gpr.dir/src/core/lib/gpr/cpu_posix.cc.o
[INFO] [stderr]   [ 25%] Building CXX object CMakeFiles/gpr.dir/src/core/lib/gpr/env_posix.cc.o
[INFO] [stderr]   [ 25%] Building CXX object CMakeFiles/gpr.dir/src/core/lib/gpr/env_windows.cc.o
[INFO] [stderr]   [ 25%] Building CXX object CMakeFiles/gpr.dir/src/core/lib/gpr/cpu_linux.cc.o
[INFO] [stderr]   [ 25%] Building CXX object CMakeFiles/gpr.dir/src/core/lib/gpr/log.cc.o
[INFO] [stderr]   [ 25%] Building CXX object CMakeFiles/gpr.dir/src/core/lib/gpr/log_android.cc.o
[INFO] [stderr]   [ 25%] Building CXX object CMakeFiles/gpr.dir/src/core/lib/gpr/env_linux.cc.o
[INFO] [stderr]   [ 25%] Building CXX object CMakeFiles/gpr.dir/src/core/lib/gpr/log_posix.cc.o
[INFO] [stderr]   [ 25%] Building CXX object CMakeFiles/gpr.dir/src/core/lib/gpr/log_linux.cc.o
[INFO] [stderr]   [ 25%] Built target absl_raw_hash_set
[INFO] [stderr]   [ 25%] Building CXX object CMakeFiles/gpr.dir/src/core/lib/gpr/log_windows.cc.o
[INFO] [stderr]   [ 25%] Building CXX object CMakeFiles/gpr.dir/src/core/lib/gpr/string.cc.o
[INFO] [stderr]   [ 27%] Building CXX object CMakeFiles/gpr.dir/src/core/lib/gpr/string_windows.cc.o
[INFO] [stderr]   [ 27%] Building CXX object CMakeFiles/gpr.dir/src/core/lib/gpr/string_util_windows.cc.o
[INFO] [stderr]   [ 27%] Building CXX object CMakeFiles/gpr.dir/src/core/lib/gpr/string_posix.cc.o
[INFO] [stderr]   [ 27%] Building CXX object CMakeFiles/gpr.dir/src/core/lib/gpr/sync.cc.o
[INFO] [stderr]   [ 27%] Building CXX object CMakeFiles/gpr.dir/src/core/lib/gpr/murmur_hash.cc.o
[INFO] [stderr]   [ 27%] Building CXX object CMakeFiles/gpr.dir/src/core/lib/gpr/sync_abseil.cc.o
[INFO] [stderr]   [ 27%] Building CXX object CMakeFiles/gpr.dir/src/core/lib/gpr/sync_posix.cc.o
[INFO] [stderr]   [ 27%] Building CXX object CMakeFiles/gpr.dir/src/core/lib/gpr/sync_windows.cc.o
[INFO] [stderr]   [ 27%] Building CXX object CMakeFiles/gpr.dir/src/core/lib/gpr/time.cc.o
[INFO] [stderr]   [ 27%] Building CXX object CMakeFiles/gpr.dir/src/core/lib/gpr/time_posix.cc.o
[INFO] [stderr]   [ 27%] Building CXX object CMakeFiles/gpr.dir/src/core/lib/gpr/time_precise.cc.o
[INFO] [stderr]   [ 27%] Building CXX object CMakeFiles/gpr.dir/src/core/lib/gpr/tls_pthread.cc.o
[INFO] [stderr]   [ 27%] Building CXX object CMakeFiles/gpr.dir/src/core/lib/gpr/time_windows.cc.o
[INFO] [stderr]   [ 27%] Building CXX object CMakeFiles/gpr.dir/src/core/lib/gpr/tmpfile_msys.cc.o
[INFO] [stderr]   [ 27%] Building CXX object CMakeFiles/gpr.dir/src/core/lib/gpr/tmpfile_posix.cc.o
[INFO] [stderr]   [ 27%] Building CXX object CMakeFiles/gpr.dir/src/core/lib/gpr/tmpfile_windows.cc.o
[INFO] [stderr]   [ 29%] Building CXX object CMakeFiles/gpr.dir/src/core/lib/gpr/wrap_memcpy.cc.o
[INFO] [stderr]   [ 29%] Building CXX object CMakeFiles/gpr.dir/src/core/lib/gprpp/global_config_env.cc.o
[INFO] [stderr]   [ 29%] Building CXX object CMakeFiles/gpr.dir/src/core/lib/gprpp/examine_stack.cc.o
[INFO] [stderr]   [ 29%] Building CXX object CMakeFiles/gpr.dir/src/core/lib/gprpp/arena.cc.o
[INFO] [stderr]   [ 29%] Building CXX object CMakeFiles/gpr.dir/src/core/lib/gprpp/fork.cc.o
[INFO] [stderr]   [ 29%] Building CXX object CMakeFiles/gpr.dir/src/core/lib/gprpp/host_port.cc.o
[INFO] [stderr]   [ 29%] Building CXX object CMakeFiles/gpr.dir/src/core/lib/gprpp/mpscq.cc.o
[INFO] [stderr]   [ 29%] Building CXX object CMakeFiles/gpr.dir/src/core/lib/gprpp/stat_posix.cc.o
[INFO] [stderr]   [ 29%] Building CXX object CMakeFiles/gpr.dir/src/core/lib/gprpp/thd_posix.cc.o
[INFO] [stderr]   [ 29%] Building CXX object CMakeFiles/gpr.dir/src/core/lib/gprpp/stat_windows.cc.o
[INFO] [stderr]   [ 29%] Building CXX object CMakeFiles/gpr.dir/src/core/lib/gprpp/thd_windows.cc.o
[INFO] [stderr]   [ 29%] Building CXX object CMakeFiles/gpr.dir/src/core/lib/profiling/stap_timers.cc.o
[INFO] [stderr]   [ 29%] Building CXX object CMakeFiles/gpr.dir/src/core/lib/profiling/basic_timers.cc.o
[INFO] [stderr]   [ 29%] Linking CXX static library libabsl_statusor.a
[INFO] [stderr]   [ 29%] Built target absl_statusor
[INFO] [stderr]   [ 31%] Linking CXX static library libgpr.a
[INFO] [stderr]   [ 31%] Built target gpr
[INFO] [stderr]   Scanning dependencies of target grpc
[INFO] [stderr]   [ 31%] Building CXX object CMakeFiles/grpc.dir/src/core/ext/filters/census/grpc_context.cc.o
[INFO] [stderr]   [ 31%] Building CXX object CMakeFiles/grpc.dir/src/core/ext/filters/client_channel/backup_poller.cc.o
[INFO] [stderr]   [ 31%] Building CXX object CMakeFiles/grpc.dir/src/core/ext/filters/client_channel/backend_metric.cc.o
[INFO] [stderr]   [ 31%] Building CXX object CMakeFiles/grpc.dir/src/core/ext/filters/client_channel/client_channel.cc.o
[INFO] [stderr]   [ 31%] Building CXX object CMakeFiles/grpc.dir/src/core/ext/filters/client_channel/channel_connectivity.cc.o
[INFO] [stderr]   [ 31%] Building CXX object CMakeFiles/grpc.dir/src/core/ext/filters/client_channel/client_channel_channelz.cc.o
[INFO] [stderr]   [ 31%] Building CXX object CMakeFiles/grpc.dir/src/core/ext/filters/client_channel/client_channel_factory.cc.o
[INFO] [stderr]   [ 31%] Building CXX object CMakeFiles/grpc.dir/src/core/ext/filters/client_channel/config_selector.cc.o
[INFO] [stderr]   [ 31%] Building CXX object CMakeFiles/grpc.dir/src/core/ext/filters/client_channel/client_channel_plugin.cc.o
[INFO] [stderr]   [ 31%] Building CXX object CMakeFiles/grpc.dir/src/core/ext/filters/client_channel/dynamic_filters.cc.o
[INFO] [stderr]   [ 31%] Building CXX object CMakeFiles/grpc.dir/src/core/ext/filters/client_channel/global_subchannel_pool.cc.o
[INFO] [stderr]   [ 32%] Building CXX object CMakeFiles/grpc.dir/src/core/ext/filters/client_channel/http_connect_handshaker.cc.o
[INFO] [stderr]   [ 32%] Building CXX object CMakeFiles/grpc.dir/src/core/ext/filters/client_channel/health/health_check_client.cc.o
[INFO] [stderr]   [ 32%] Building CXX object CMakeFiles/grpc.dir/src/core/ext/filters/client_channel/http_proxy.cc.o
[INFO] [stderr]   [ 32%] Building CXX object CMakeFiles/grpc.dir/src/core/ext/filters/client_channel/lb_policy.cc.o
[INFO] [stderr]   [ 32%] Building CXX object CMakeFiles/grpc.dir/src/core/ext/filters/client_channel/lb_policy/address_filtering.cc.o
[INFO] [stderr] 
[INFO] [stderr]   --- stderr
[INFO] [stderr]   CMake Warning at cmake/protobuf.cmake:51 (message):
[INFO] [stderr]     gRPC_PROTOBUF_PROVIDER is "module" but PROTOBUF_ROOT_DIR is wrong
[INFO] [stderr]   Call Stack (most recent call first):
[INFO] [stderr]     CMakeLists.txt:254 (include)
[INFO] [stderr] 
[INFO] [stderr] 
[INFO] [stderr]   CMake Warning:
[INFO] [stderr]     Manually-specified variables were not used by the project:
[INFO] [stderr] 
[INFO] [stderr]       CMAKE_ASM_COMPILER
[INFO] [stderr]       CMAKE_ASM_FLAGS
[INFO] [stderr] 
[INFO] [stderr] 
[INFO] [stderr]   c++: fatal error: Killed signal terminated program cc1plus
[INFO] [stderr]   compilation terminated.
[INFO] [stderr]   make[3]: *** [CMakeFiles/grpc.dir/build.make:141: CMakeFiles/grpc.dir/src/core/ext/filters/client_channel/client_channel_factory.cc.o] Error 1
[INFO] [stderr]   make[3]: *** Waiting for unfinished jobs....
[INFO] [stderr]   c++: fatal error: Killed signal terminated program cc1plus
[INFO] [stderr]   compilation terminated.
[INFO] [stderr]   make[3]: *** [CMakeFiles/grpc.dir/build.make:63: CMakeFiles/grpc.dir/src/core/ext/filters/census/grpc_context.cc.o] Error 1
[INFO] [stderr]   c++: fatal error: Killed signal terminated program cc1plus
[INFO] [stderr]   compilation terminated.
[INFO] [stderr]   make[3]: *** [CMakeFiles/grpc.dir/build.make:154: CMakeFiles/grpc.dir/src/core/ext/filters/client_channel/client_channel_plugin.cc.o] Error 1
[INFO] [stderr]   make[2]: *** [CMakeFiles/Makefile2:983: CMakeFiles/grpc.dir/all] Error 2
[INFO] [stderr]   make[1]: *** [CMakeFiles/Makefile2:990: CMakeFiles/grpc.dir/rule] Error 2
[INFO] [stderr]   make: *** [Makefile:242: grpc] Error 2
[INFO] [stderr]   thread 'main' panicked at '
[INFO] [stderr]   command did not execute successfully, got: exit status: 2
[INFO] [stderr] 
[INFO] [stderr]   build script failed, must exit now', /opt/rustwide/cargo-home/registry/src/github.com-1ecc6299db9ec823/cmake-0.1.45/src/lib.rs:894:5
[INFO] [stderr]   stack backtrace:
[INFO] [stderr]      0:     0x55f2f3d7dff0 - std::backtrace_rs::backtrace::libunwind::trace::hdcf4f90f85129e83
[INFO] [stderr]                                  at /rustc/ff34b919075f35a1787659e9c448a34b06bab8de/library/std/src/../../backtrace/src/backtrace/libunwind.rs:90:5
[INFO] [stderr]      1:     0x55f2f3d7dff0 - std::backtrace_rs::backtrace::trace_unsynchronized::h2669e30cb82f6732
[INFO] [stderr]                                  at /rustc/ff34b919075f35a1787659e9c448a34b06bab8de/library/std/src/../../backtrace/src/backtrace/mod.rs:66:5
[INFO] [stderr]      2:     0x55f2f3d7dff0 - std::sys_common::backtrace::_print_fmt::hfbda19e17f6db318
[INFO] [stderr]                                  at /rustc/ff34b919075f35a1787659e9c448a34b06bab8de/library/std/src/sys_common/backtrace.rs:67:5
[INFO] [stderr]      3:     0x55f2f3d7dff0 - <std::sys_common::backtrace::_print::DisplayBacktrace as core::fmt::Display>::fmt::h1a8751bf59281272
[INFO] [stderr]                                  at /rustc/ff34b919075f35a1787659e9c448a34b06bab8de/library/std/src/sys_common/backtrace.rs:46:22
[INFO] [stderr]      4:     0x55f2f3da504f - core::fmt::write::h7aa6cd0067dca82a
[INFO] [stderr]                                  at /rustc/ff34b919075f35a1787659e9c448a34b06bab8de/library/core/src/fmt/mod.rs:1094:17
[INFO] [stderr]      5:     0x55f2f3d7a3a5 - std::io::Write::write_fmt::hd7dd3a1df9b6befb
[INFO] [stderr]                                  at /rustc/ff34b919075f35a1787659e9c448a34b06bab8de/library/std/src/io/mod.rs:1584:15
[INFO] [stderr]      6:     0x55f2f3d809ab - std::sys_common::backtrace::_print::h551e9ec8a9fa8106
[INFO] [stderr]                                  at /rustc/ff34b919075f35a1787659e9c448a34b06bab8de/library/std/src/sys_common/backtrace.rs:49:5
[INFO] [stderr]      7:     0x55f2f3d809ab - std::sys_common::backtrace::print::ha4b1c5e95fa040b3
[INFO] [stderr]                                  at /rustc/ff34b919075f35a1787659e9c448a34b06bab8de/library/std/src/sys_common/backtrace.rs:36:9
[INFO] [stderr]      8:     0x55f2f3d809ab - std::panicking::default_hook::{{closure}}::h0b34c9ab7fb9f857
[INFO] [stderr]                                  at /rustc/ff34b919075f35a1787659e9c448a34b06bab8de/library/std/src/panicking.rs:208:50
[INFO] [stderr]      9:     0x55f2f3d8048d - std::panicking::default_hook::h3067e8318decd17a
[INFO] [stderr]                                  at /rustc/ff34b919075f35a1787659e9c448a34b06bab8de/library/std/src/panicking.rs:225:9
[INFO] [stderr]     10:     0x55f2f3d80f5d - std::panicking::rust_panic_with_hook::h81b8facc50f34daa
[INFO] [stderr]                                  at /rustc/ff34b919075f35a1787659e9c448a34b06bab8de/library/std/src/panicking.rs:591:17
[INFO] [stderr]     11:     0x55f2f3d80b57 - std::panicking::begin_panic_handler::{{closure}}::ha376ab85d95a000e
[INFO] [stderr]                                  at /rustc/ff34b919075f35a1787659e9c448a34b06bab8de/library/std/src/panicking.rs:497:13
[INFO] [stderr]     12:     0x55f2f3d7e4ac - std::sys_common::backtrace::__rust_end_short_backtrace::h6795c8afdd1a77e6
[INFO] [stderr]                                  at /rustc/ff34b919075f35a1787659e9c448a34b06bab8de/library/std/src/sys_common/backtrace.rs:141:18
[INFO] [stderr]     13:     0x55f2f3d80ab9 - rust_begin_unwind
[INFO] [stderr]                                  at /rustc/ff34b919075f35a1787659e9c448a34b06bab8de/library/std/src/panicking.rs:493:5
[INFO] [stderr]     14:     0x55f2f379eccb - std::panicking::begin_panic_fmt::hf43a0025042538e2
[INFO] [stderr]                                  at /rustc/ff34b919075f35a1787659e9c448a34b06bab8de/library/std/src/panicking.rs:435:5
[INFO] [stderr]     15:     0x55f2f3cfa263 - cmake::fail::hd4f776d6bb7339df
[INFO] [stderr]                                  at /opt/rustwide/cargo-home/registry/src/github.com-1ecc6299db9ec823/cmake-0.1.45/src/lib.rs:894:5
[INFO] [stderr]     16:     0x55f2f3cf9bc2 - cmake::run::h184fbde5c916d82a
[INFO] [stderr]                                  at /opt/rustwide/cargo-home/registry/src/github.com-1ecc6299db9ec823/cmake-0.1.45/src/lib.rs:872:9
[INFO] [stderr]     17:     0x55f2f3cf6abb - cmake::Config::build::h4bb5758c0b8b4671
[INFO] [stderr]                                  at /opt/rustwide/cargo-home/registry/src/github.com-1ecc6299db9ec823/cmake-0.1.45/src/lib.rs:778:9
[INFO] [stderr]     18:     0x55f2f37aa3f1 - build_script_build::build_grpc::hd97a43d5b83ae699
[INFO] [stderr]                                  at /opt/rustwide/cargo-home/registry/src/github.com-1ecc6299db9ec823/grpcio-sys-0.8.1/build.rs:174:9
[INFO] [stderr]     19:     0x55f2f37ae021 - build_script_build::main::h24dcf47f97e07fbc
[INFO] [stderr]                                  at /opt/rustwide/cargo-home/registry/src/github.com-1ecc6299db9ec823/grpcio-sys-0.8.1/build.rs:441:9
[INFO] [stderr]     20:     0x55f2f37a541b - core::ops::function::FnOnce::call_once::h359e86ac51227442
[INFO] [stderr]                                  at /rustc/ff34b919075f35a1787659e9c448a34b06bab8de/library/core/src/ops/function.rs:227:5
[INFO] [stderr]     21:     0x55f2f37a79ae - std::sys_common::backtrace::__rust_begin_short_backtrace::h4e891a6cd558a505
[INFO] [stderr]                                  at /rustc/ff34b919075f35a1787659e9c448a34b06bab8de/library/std/src/sys_common/backtrace.rs:125:18
[INFO] [stderr]     22:     0x55f2f37a8061 - std::rt::lang_start::{{closure}}::hb3b31b916a5777ba
[INFO] [stderr]                                  at /rustc/ff34b919075f35a1787659e9c448a34b06bab8de/library/std/src/rt.rs:49:18
[INFO] [stderr]     23:     0x55f2f3d8145a - core::ops::function::impls::<impl core::ops::function::FnOnce<A> for &F>::call_once::h3b8c329143d7638a
[INFO] [stderr]                                  at /rustc/ff34b919075f35a1787659e9c448a34b06bab8de/library/core/src/ops/function.rs:259:13
[INFO] [stderr]     24:     0x55f2f3d8145a - std::panicking::try::do_call::h4b72c261b4eefc1b
[INFO] [stderr]                                  at /rustc/ff34b919075f35a1787659e9c448a34b06bab8de/library/std/src/panicking.rs:379:40
[INFO] [stderr]     25:     0x55f2f3d8145a - std::panicking::try::h703d31b7896cbd49
[INFO] [stderr]                                  at /rustc/ff34b919075f35a1787659e9c448a34b06bab8de/library/std/src/panicking.rs:343:19
[INFO] [stderr]     26:     0x55f2f3d8145a - std::panic::catch_unwind::h37cad9b35388a915
[INFO] [stderr]                                  at /rustc/ff34b919075f35a1787659e9c448a34b06bab8de/library/std/src/panic.rs:431:14
[INFO] [stderr]     27:     0x55f2f3d8145a - std::rt::lang_start_internal::hab5a8a909af4f90e
[INFO] [stderr]                                  at /rustc/ff34b919075f35a1787659e9c448a34b06bab8de/library/std/src/rt.rs:34:21
[INFO] [stderr]     28:     0x55f2f37a8040 - std::rt::lang_start::hb2b8d9a35d787c53
[INFO] [stderr]                                  at /rustc/ff34b919075f35a1787659e9c448a34b06bab8de/library/std/src/rt.rs:48:5
[INFO] [stderr]     29:     0x55f2f37ae5bc - main
[INFO] [stderr]     30:     0x7f6e3a7770b3 - __libc_start_main
[INFO] [stderr]     31:     0x55f2f37a014e - _start
[INFO] [stderr]     32:                0x0 - <unknown>
[INFO] running `Command { std: "docker" "inspect" "fe20ecd5d715b61f62eed9057268c99396f7be738be09718fbdc0bb3aaf37ac2", kill_on_drop: false }`
[INFO] running `Command { std: "docker" "rm" "-f" "fe20ecd5d715b61f62eed9057268c99396f7be738be09718fbdc0bb3aaf37ac2", kill_on_drop: false }`
[INFO] [stdout] fe20ecd5d715b61f62eed9057268c99396f7be738be09718fbdc0bb3aaf37ac2
